{"id":78,"date":"2019-07-21T20:08:57","date_gmt":"2019-07-21T20:08:57","guid":{"rendered":"http:\/\/xn--fechten-in-rsrath-b0b.de\/?page_id=78"},"modified":"2024-03-07T22:27:58","modified_gmt":"2024-03-07T22:27:58","slug":"home","status":"publish","type":"page","link":"https:\/\/xn--fechten-in-rsrath-b0b.de\/","title":{"rendered":"Home"},"content":{"rendered":"\n<p>Der <strong>Bergische\nFechtclub R\u00f6srath e.V.<\/strong> (BFCR) wurde im M\u00e4rz 2018 gegr\u00fcndet. Aber die Idee\ndazu ist schon viel \u00e4lter. Vor einigen Jahren\nhatte der bereits leider verstorbene <strong>Hans Bruncken<\/strong> schon die ersten\nGedanken der Selbstst\u00e4ndigkeit.<\/p>\n\n\n\n<p>Wir sind stolz und dankbar, dass so viele mit uns den <strong>Mut hatten einen neuen Fechtverein<\/strong> zugr\u00fcnden. Als BFCR m\u00f6chten wir die Tradition \u201eFechten in R\u00f6srath\u201c weiterentwickeln. Unser Schwerpunkt liegt auf der <strong>Kinder- und Jugendf\u00f6rderung<\/strong>, sowie der fechterischen Ausbildung. Wir m\u00f6chten ein <strong>moderner, effektiv handelnder Verein<\/strong> sein.<\/p>\n\n\n\n<p>Die\n<strong>Vereinsfarben<\/strong> schwarz, wei\u00df und blau stehen f\u00fcr&nbsp; Professionalit\u00e4t,\nEleganz, Reinheit sowie Ruhe und Konzentration aber auch Vertrauen, Kompetenz\nund Best\u00e4ndigkeit. Sie spiegeln nicht nur die Vereinsphilosophie wieder,\nsondern sind auch Tribute f\u00fcr den Fechtsport.<\/p>\n\n\n\n<p>Das Trainingskonzept des BFCR ist nachweislich erfolgreich und qualifiziert mit einer hohen Qualit\u00e4t. Die Mitglieder des Bergischen Fechtclub R\u00f6srath betreiben Breitensport bis hin zum Leistungssport. Die Fechter haben Erfolge auf regionaler-, landes-, bundes- und internationaler Ebene errungen.<\/p>\n\n\n\n<hr class=\"wp-block-separator has-css-opacity\"\/>\n\n\n\n<p>Aktuelles rund um den Verein findet man unter <a href=\"https:\/\/xn--fechten-in-rsrath-b0b.de\/?page_id=141\">&#8222;News&#8220;<\/a> !!<\/p>\n\n\n\n<p><\/p>\n\n\n\n<p># Bild Fotoshooting in 2023<\/p>\n\n\n\n<figure class=\"wp-block-image size-full is-resized\"><img loading=\"lazy\" decoding=\"async\" width=\"2560\" height=\"1339\" src=\"https:\/\/xn--fechten-in-rsrath-b0b.de\/wp-content\/uploads\/2024\/03\/140BFCR-scaled-e1709850329990.jpg\" alt=\"\" class=\"wp-image-868\" style=\"aspect-ratio:1.3333333333333333;object-fit:contain;width:928px;height:auto\" srcset=\"https:\/\/xn--fechten-in-rsrath-b0b.de\/wp-content\/uploads\/2024\/03\/140BFCR-scaled-e1709850329990.jpg 2560w, https:\/\/xn--fechten-in-rsrath-b0b.de\/wp-content\/uploads\/2024\/03\/140BFCR-scaled-e1709850329990-300x157.jpg 300w, https:\/\/xn--fechten-in-rsrath-b0b.de\/wp-content\/uploads\/2024\/03\/140BFCR-scaled-e1709850329990-500x262.jpg 500w, https:\/\/xn--fechten-in-rsrath-b0b.de\/wp-content\/uploads\/2024\/03\/140BFCR-scaled-e1709850329990-768x402.jpg 768w, https:\/\/xn--fechten-in-rsrath-b0b.de\/wp-content\/uploads\/2024\/03\/140BFCR-scaled-e1709850329990-1536x803.jpg 1536w, https:\/\/xn--fechten-in-rsrath-b0b.de\/wp-content\/uploads\/2024\/03\/140BFCR-scaled-e1709850329990-2048x1071.jpg 2048w, https:\/\/xn--fechten-in-rsrath-b0b.de\/wp-content\/uploads\/2024\/03\/140BFCR-scaled-e1709850329990-1024x536.jpg 1024w\" sizes=\"auto, (max-width: 2560px) 100vw, 2560px\" \/><\/figure>\n\n\n\n<p><\/p>\n\n\n\n<p><\/p>\n\n\n\n<p># Bild der Gr\u00fcndungsfeier in 2018 <\/p>\n\n\n\n<figure class=\"wp-block-image size-full is-resized\"><img loading=\"lazy\" decoding=\"async\" width=\"1180\" height=\"564\" src=\"https:\/\/xn--fechten-in-rsrath-b0b.de\/wp-content\/uploads\/2019\/07\/IMG_20180712_190233-Neu.jpg\" alt=\"\" class=\"wp-image-97\" style=\"width:768px;height:367px\" srcset=\"https:\/\/xn--fechten-in-rsrath-b0b.de\/wp-content\/uploads\/2019\/07\/IMG_20180712_190233-Neu.jpg 1180w, https:\/\/xn--fechten-in-rsrath-b0b.de\/wp-content\/uploads\/2019\/07\/IMG_20180712_190233-Neu-300x143.jpg 300w, https:\/\/xn--fechten-in-rsrath-b0b.de\/wp-content\/uploads\/2019\/07\/IMG_20180712_190233-Neu-768x367.jpg 768w, https:\/\/xn--fechten-in-rsrath-b0b.de\/wp-content\/uploads\/2019\/07\/IMG_20180712_190233-Neu-1024x489.jpg 1024w\" sizes=\"auto, (max-width: 1180px) 100vw, 1180px\" \/><\/figure>\n\n\n\n<!-- Global site tag (gtag.js) - Google Analytics -->\n<script async=\"\" src=\"https:\/\/www.googletagmanager.com\/gtag\/js?id=G-QKRDGK2MN3\"><\/script>\n<script>\n  window.dataLayer = window.dataLayer || [];\n  function gtag(){dataLayer.push(arguments);}\n  gtag('js', new Date());\n\n  gtag('config', 'G-QKRDGK2MN3');\n<\/script>\n","protected":false},"excerpt":{"rendered":"<p>Der Bergische Fechtclub R\u00f6srath e.V. (BFCR) wurde im M\u00e4rz 2018 gegr\u00fcndet. Aber die Idee dazu&#8230;<\/p>\n","protected":false},"author":1,"featured_media":0,"parent":0,"menu_order":0,"comment_status":"closed","ping_status":"closed","template":"","meta":{"footnotes":""},"class_list":["post-78","page","type-page","status-publish","hentry"],"_links":{"self":[{"href":"https:\/\/xn--fechten-in-rsrath-b0b.de\/index.php?rest_route=\/wp\/v2\/pages\/78","targetHints":{"allow":["GET"]}}],"collection":[{"href":"https:\/\/xn--fechten-in-rsrath-b0b.de\/index.php?rest_route=\/wp\/v2\/pages"}],"about":[{"href":"https:\/\/xn--fechten-in-rsrath-b0b.de\/index.php?rest_route=\/wp\/v2\/types\/page"}],"author":[{"embeddable":true,"href":"https:\/\/xn--fechten-in-rsrath-b0b.de\/index.php?rest_route=\/wp\/v2\/users\/1"}],"replies":[{"embeddable":true,"href":"https:\/\/xn--fechten-in-rsrath-b0b.de\/index.php?rest_route=%2Fwp%2Fv2%2Fcomments&post=78"}],"version-history":[{"count":21,"href":"https:\/\/xn--fechten-in-rsrath-b0b.de\/index.php?rest_route=\/wp\/v2\/pages\/78\/revisions"}],"predecessor-version":[{"id":903,"href":"https:\/\/xn--fechten-in-rsrath-b0b.de\/index.php?rest_route=\/wp\/v2\/pages\/78\/revisions\/903"}],"wp:attachment":[{"href":"https:\/\/xn--fechten-in-rsrath-b0b.de\/index.php?rest_route=%2Fwp%2Fv2%2Fmedia&parent=78"}],"curies":[{"name":"wp","href":"https:\/\/api.w.org\/{rel}","templated":true}]}}

<p>Der <strong>Bergische
Fechtclub Rösrath e.V.</strong> (BFCR) wurde im März 2018 gegründet. Aber die Idee
dazu ist schon viel älter. Vor einigen Jahren
hatte der bereits leider verstorbene <strong>Hans Bruncken</strong> schon die ersten
Gedanken der Selbstständigkeit.</p>



<p>Wir sind stolz und dankbar, dass so viele mit uns den <strong>Mut hatten einen neuen Fechtverein</strong> zugründen. Als BFCR möchten wir die Tradition „Fechten in Rösrath“ weiterentwickeln. Unser Schwerpunkt liegt auf der <strong>Kinder- und Jugendförderung</strong>, sowie der fechterischen Ausbildung. Wir möchten ein <strong>moderner, effektiv handelnder Verein</strong> sein.</p>



<p>Die
<strong>Vereinsfarben</strong> schwarz, weiß und blau stehen für&nbsp; Professionalität,
Eleganz, Reinheit sowie Ruhe und Konzentration aber auch Vertrauen, Kompetenz
und Beständigkeit. Sie spiegeln nicht nur die Vereinsphilosophie wieder,
sondern sind auch Tribute für den Fechtsport.</p>



<p>Das Trainingskonzept des BFCR ist nachweislich erfolgreich und qualifiziert mit einer hohen Qualität. Die Mitglieder des Bergischen Fechtclub Rösrath betreiben Breitensport bis hin zum Leistungssport. Die Fechter haben Erfolge auf regionaler-, landes-, bundes- und internationaler Ebene errungen.</p>



<hr class="wp-block-separator has-css-opacity"/>



<p>Aktuelles rund um den Verein findet man unter <a href="https://xn--fechten-in-rsrath-b0b.de/?page_id=141">&#8222;News&#8220;</a> !!</p>



<p></p>



<p># Bild Fotoshooting in 2023</p>



<figure class="wp-block-image size-full is-resized"><img loading="lazy" decoding="async" width="2560" height="1339" src="https://xn--fechten-in-rsrath-b0b.de/wp-content/uploads/2024/03/140BFCR-scaled-e1709850329990.jpg" alt="" class="wp-image-868" style="aspect-ratio:1.3333333333333333;object-fit:contain;width:928px;height:auto" srcset="https://xn--fechten-in-rsrath-b0b.de/wp-content/uploads/2024/03/140BFCR-scaled-e1709850329990.jpg 2560w, https://xn--fechten-in-rsrath-b0b.de/wp-content/uploads/2024/03/140BFCR-scaled-e1709850329990-300x157.jpg 300w, https://xn--fechten-in-rsrath-b0b.de/wp-content/uploads/2024/03/140BFCR-scaled-e1709850329990-500x262.jpg 500w, https://xn--fechten-in-rsrath-b0b.de/wp-content/uploads/2024/03/140BFCR-scaled-e1709850329990-768x402.jpg 768w, https://xn--fechten-in-rsrath-b0b.de/wp-content/uploads/2024/03/140BFCR-scaled-e1709850329990-1536x803.jpg 1536w, https://xn--fechten-in-rsrath-b0b.de/wp-content/uploads/2024/03/140BFCR-scaled-e1709850329990-2048x1071.jpg 2048w, https://xn--fechten-in-rsrath-b0b.de/wp-content/uploads/2024/03/140BFCR-scaled-e1709850329990-1024x536.jpg 1024w" sizes="auto, (max-width: 2560px) 100vw, 2560px" /></figure>



<p></p>



<p></p>



<p># Bild der Gründungsfeier in 2018 </p>



<figure class="wp-block-image size-full is-resized"><img loading="lazy" decoding="async" width="1180" height="564" src="https://xn--fechten-in-rsrath-b0b.de/wp-content/uploads/2019/07/IMG_20180712_190233-Neu.jpg" alt="" class="wp-image-97" style="width:768px;height:367px" srcset="https://xn--fechten-in-rsrath-b0b.de/wp-content/uploads/2019/07/IMG_20180712_190233-Neu.jpg 1180w, https://xn--fechten-in-rsrath-b0b.de/wp-content/uploads/2019/07/IMG_20180712_190233-Neu-300x143.jpg 300w, https://xn--fechten-in-rsrath-b0b.de/wp-content/uploads/2019/07/IMG_20180712_190233-Neu-768x367.jpg 768w, https://xn--fechten-in-rsrath-b0b.de/wp-content/uploads/2019/07/IMG_20180712_190233-Neu-1024x489.jpg 1024w" sizes="auto, (max-width: 1180px) 100vw, 1180px" /></figure>



<!-- Global site tag (gtag.js) - Google Analytics -->
<script async="" src="https://www.googletagmanager.com/gtag/js?id=G-QKRDGK2MN3"></script>
<script>
  window.dataLayer = window.dataLayer || [];
  function gtag(){dataLayer.push(arguments);}
  gtag('js', new Date());

  gtag('config', 'G-QKRDGK2MN3');
</script>

<p>Der Bergische Fechtclub Rösrath e.V. (BFCR) wurde im März 2018 gegründet. Aber die Idee dazu&#8230;</p>
