{"id":21,"date":"2019-02-19T23:47:42","date_gmt":"2019-02-19T23:47:42","guid":{"rendered":"http:\/\/xn--fechten-in-rsrath-b0b.de\/?page_id=21"},"modified":"2024-08-17T10:47:53","modified_gmt":"2024-08-17T10:47:53","slug":"ueber-uns","status":"publish","type":"page","link":"https:\/\/xn--fechten-in-rsrath-b0b.de\/?page_id=21","title":{"rendered":"\u00dcber uns"},"content":{"rendered":"\n<h2 class=\"wp-block-heading has-large-font-size\">Das Management<\/h2>\n\n\n\n<p class=\"has-medium-font-size\">Vereinsmanagerin Julia Schneider, 0176-50939703, Management@bfcr.email<\/p>\n\n\n\n<figure class=\"wp-block-image size-large is-resized\"><img loading=\"lazy\" decoding=\"async\" width=\"2560\" height=\"1704\" src=\"https:\/\/xn--fechten-in-rsrath-b0b.de\/wp-content\/uploads\/2023\/01\/PXL_20211031_161406298.PORTRAIT-edited-scaled.jpg\" alt=\"\" class=\"wp-image-684\" style=\"width:320px;height:213px\" srcset=\"https:\/\/xn--fechten-in-rsrath-b0b.de\/wp-content\/uploads\/2023\/01\/PXL_20211031_161406298.PORTRAIT-edited-scaled.jpg 2560w, https:\/\/xn--fechten-in-rsrath-b0b.de\/wp-content\/uploads\/2023\/01\/PXL_20211031_161406298.PORTRAIT-edited-300x200.jpg 300w, https:\/\/xn--fechten-in-rsrath-b0b.de\/wp-content\/uploads\/2023\/01\/PXL_20211031_161406298.PORTRAIT-edited-500x333.jpg 500w, https:\/\/xn--fechten-in-rsrath-b0b.de\/wp-content\/uploads\/2023\/01\/PXL_20211031_161406298.PORTRAIT-edited-768x511.jpg 768w, https:\/\/xn--fechten-in-rsrath-b0b.de\/wp-content\/uploads\/2023\/01\/PXL_20211031_161406298.PORTRAIT-edited-1536x1023.jpg 1536w, https:\/\/xn--fechten-in-rsrath-b0b.de\/wp-content\/uploads\/2023\/01\/PXL_20211031_161406298.PORTRAIT-edited-2048x1363.jpg 2048w, https:\/\/xn--fechten-in-rsrath-b0b.de\/wp-content\/uploads\/2023\/01\/PXL_20211031_161406298.PORTRAIT-edited-1024x682.jpg 1024w\" sizes=\"auto, (max-width: 2560px) 100vw, 2560px\" \/><\/figure>\n\n\n\n<p class=\"has-medium-font-size\">Die Vereinsmanagerin ist die Kontaktstelle f\u00fcr Interessierte und Mitglieder des Bergischen Fechtclubs R\u00f6srath e. V. und k\u00fcmmert sich um die Vereinsorganisation und die Mitgliederverwaltung.<\/p>\n\n\n\n<p><\/p>\n\n\n\n<h2 class=\"wp-block-heading has-large-font-size\">Der Vorstand<\/h2>\n\n\n\n<p class=\"has-medium-font-size\"><strong>Vorstand@bfcr.email<\/strong><\/p>\n\n\n\n<p class=\"has-medium-font-size\">Vorstandsvorsitzender Thomas Wi\u00dfkirchen, 0151-12713148, Vorstandsvorsitzender@bfcr.email<\/p>\n\n\n\n<figure class=\"wp-block-image size-large is-resized\"><img loading=\"lazy\" decoding=\"async\" width=\"500\" height=\"333\" src=\"https:\/\/xn--fechten-in-rsrath-b0b.de\/wp-content\/uploads\/2024\/03\/058BFCR-500x333.jpg\" alt=\"\" class=\"wp-image-866\" style=\"width:320px;height:213px\" srcset=\"https:\/\/xn--fechten-in-rsrath-b0b.de\/wp-content\/uploads\/2024\/03\/058BFCR-500x333.jpg 500w, https:\/\/xn--fechten-in-rsrath-b0b.de\/wp-content\/uploads\/2024\/03\/058BFCR-300x200.jpg 300w, https:\/\/xn--fechten-in-rsrath-b0b.de\/wp-content\/uploads\/2024\/03\/058BFCR-768x512.jpg 768w, https:\/\/xn--fechten-in-rsrath-b0b.de\/wp-content\/uploads\/2024\/03\/058BFCR-1536x1024.jpg 1536w, https:\/\/xn--fechten-in-rsrath-b0b.de\/wp-content\/uploads\/2024\/03\/058BFCR-2048x1365.jpg 2048w, https:\/\/xn--fechten-in-rsrath-b0b.de\/wp-content\/uploads\/2024\/03\/058BFCR-1024x683.jpg 1024w\" sizes=\"auto, (max-width: 500px) 100vw, 500px\" \/><\/figure>\n\n\n\n<p class=\"has-medium-font-size\">Finanzvorstand Bastian Wittfeld, 0174-9610049, Finanzvorstand@bfcr.email<\/p>\n\n\n\n<figure class=\"wp-block-image size-large is-resized\"><img loading=\"lazy\" decoding=\"async\" width=\"500\" height=\"333\" src=\"https:\/\/xn--fechten-in-rsrath-b0b.de\/wp-content\/uploads\/2024\/03\/007BFCR-500x333.jpg\" alt=\"\" class=\"wp-image-865\" style=\"width:320px;height:213px\" srcset=\"https:\/\/xn--fechten-in-rsrath-b0b.de\/wp-content\/uploads\/2024\/03\/007BFCR-500x333.jpg 500w, https:\/\/xn--fechten-in-rsrath-b0b.de\/wp-content\/uploads\/2024\/03\/007BFCR-300x200.jpg 300w, https:\/\/xn--fechten-in-rsrath-b0b.de\/wp-content\/uploads\/2024\/03\/007BFCR-768x512.jpg 768w, https:\/\/xn--fechten-in-rsrath-b0b.de\/wp-content\/uploads\/2024\/03\/007BFCR-1536x1024.jpg 1536w, https:\/\/xn--fechten-in-rsrath-b0b.de\/wp-content\/uploads\/2024\/03\/007BFCR-2048x1365.jpg 2048w, https:\/\/xn--fechten-in-rsrath-b0b.de\/wp-content\/uploads\/2024\/03\/007BFCR-1024x683.jpg 1024w\" sizes=\"auto, (max-width: 500px) 100vw, 500px\" \/><\/figure>\n\n\n\n<p class=\"has-medium-font-size\">Sportvorstand Jan Pinkert Sportvorstand@bfcr.email<\/p>\n\n\n\n<h2 class=\"wp-block-heading has-large-font-size\">F\u00fcr die Presse<\/h2>\n\n\n\n<p class=\"has-medium-font-size\">Kontakt Dagmar Pinkert e-Mail an: Presse@bfcr.email<\/p>\n\n\n\n<hr class=\"wp-block-separator has-css-opacity\"\/>\n\n\n\n<p class=\"has-medium-font-size\">Der Verein <strong>Bergischer Fechtclub R\u00f6srath e.V.<\/strong> gibt sich folgendes Leitbild, an dem sich das Vereinsleben der Mitglieder und die Arbeit der Organe, der Amts- und Funktionstr\u00e4ger sowie aller sonstigen Mitarbeiter orientieren:<\/p>\n\n\n\n<p class=\"has-medium-font-size\">Der Verein, mit seinen Mitgliedern, seine Amtstr\u00e4ger und\nMitarbeiter bekennen sich zu den Grunds\u00e4tzen eines umfassenden Kinder- und\nJugendschutzes und treten f\u00fcr die k\u00f6rperliche und seelische Unversehrtheit und\nSelbstbestimmung der anvertrauten Kinder und Jugendlichen ein. Der Verein, mit\nseinen Mitgliedern, seine Amtstr\u00e4ger und Mitarbeiter pflegen eine\nAufmerksamkeitskultur und f\u00fchren regelm\u00e4\u00dfig Pr\u00e4ventionsma\u00dfnahmen zum Schutz von\nKindern und Jugendlicher vor sexualisierter Gewalt im Sport durch.<\/p>\n\n\n\n<p class=\"has-medium-font-size\">Der Verein tritt f\u00fcr einen doping- und manipulationsfreien\nSport ein.<\/p>\n\n\n\n<p class=\"has-medium-font-size\">Der Verein ist parteipolitisch und religi\u00f6s neutral. Er\nvertritt den Grundsatz religi\u00f6ser, weltanschaulicher und ethnischer Toleranz\nund Neutralit\u00e4t.<\/p>\n\n\n\n<p class=\"has-medium-font-size\">Der Verein wendet sich entschieden gegen Intoleranz,\nRassismus und jede Form von politischem Extremismus.<\/p>\n\n\n\n<p class=\"has-medium-font-size\">Der Verein f\u00f6rdert die Inklusion behinderter und nichtbehinderter Menschen und die Integration von Menschen mit Zuwanderungshintergrund. Er verfolgt die Gleichstellung der Geschlechter.<\/p>\n\n\n\n<hr class=\"wp-block-separator has-css-opacity\"\/>\n\n\n\n<p><\/p>\n","protected":false},"excerpt":{"rendered":"<p>Das Management Vereinsmanagerin Julia Schneider, 0176-50939703, Management@bfcr.email Die Vereinsmanagerin ist die Kontaktstelle f\u00fcr Interessierte und&#8230;<\/p>\n","protected":false},"author":1,"featured_media":0,"parent":0,"menu_order":1,"comment_status":"closed","ping_status":"closed","template":"","meta":{"footnotes":""},"class_list":["post-21","page","type-page","status-publish","hentry"],"_links":{"self":[{"href":"https:\/\/xn--fechten-in-rsrath-b0b.de\/index.php?rest_route=\/wp\/v2\/pages\/21","targetHints":{"allow":["GET"]}}],"collection":[{"href":"https:\/\/xn--fechten-in-rsrath-b0b.de\/index.php?rest_route=\/wp\/v2\/pages"}],"about":[{"href":"https:\/\/xn--fechten-in-rsrath-b0b.de\/index.php?rest_route=\/wp\/v2\/types\/page"}],"author":[{"embeddable":true,"href":"https:\/\/xn--fechten-in-rsrath-b0b.de\/index.php?rest_route=\/wp\/v2\/users\/1"}],"replies":[{"embeddable":true,"href":"https:\/\/xn--fechten-in-rsrath-b0b.de\/index.php?rest_route=%2Fwp%2Fv2%2Fcomments&post=21"}],"version-history":[{"count":28,"href":"https:\/\/xn--fechten-in-rsrath-b0b.de\/index.php?rest_route=\/wp\/v2\/pages\/21\/revisions"}],"predecessor-version":[{"id":949,"href":"https:\/\/xn--fechten-in-rsrath-b0b.de\/index.php?rest_route=\/wp\/v2\/pages\/21\/revisions\/949"}],"wp:attachment":[{"href":"https:\/\/xn--fechten-in-rsrath-b0b.de\/index.php?rest_route=%2Fwp%2Fv2%2Fmedia&parent=21"}],"curies":[{"name":"wp","href":"https:\/\/api.w.org\/{rel}","templated":true}]}}

Über uns

<h2 class="wp-block-heading has-large-font-size">Das Management</h2>



<p class="has-medium-font-size">Vereinsmanagerin Julia Schneider, 0176-50939703, Management@bfcr.email</p>



<figure class="wp-block-image size-large is-resized"><img loading="lazy" decoding="async" width="2560" height="1704" src="https://xn--fechten-in-rsrath-b0b.de/wp-content/uploads/2023/01/PXL_20211031_161406298.PORTRAIT-edited-scaled.jpg" alt="" class="wp-image-684" style="width:320px;height:213px" srcset="https://xn--fechten-in-rsrath-b0b.de/wp-content/uploads/2023/01/PXL_20211031_161406298.PORTRAIT-edited-scaled.jpg 2560w, https://xn--fechten-in-rsrath-b0b.de/wp-content/uploads/2023/01/PXL_20211031_161406298.PORTRAIT-edited-300x200.jpg 300w, https://xn--fechten-in-rsrath-b0b.de/wp-content/uploads/2023/01/PXL_20211031_161406298.PORTRAIT-edited-500x333.jpg 500w, https://xn--fechten-in-rsrath-b0b.de/wp-content/uploads/2023/01/PXL_20211031_161406298.PORTRAIT-edited-768x511.jpg 768w, https://xn--fechten-in-rsrath-b0b.de/wp-content/uploads/2023/01/PXL_20211031_161406298.PORTRAIT-edited-1536x1023.jpg 1536w, https://xn--fechten-in-rsrath-b0b.de/wp-content/uploads/2023/01/PXL_20211031_161406298.PORTRAIT-edited-2048x1363.jpg 2048w, https://xn--fechten-in-rsrath-b0b.de/wp-content/uploads/2023/01/PXL_20211031_161406298.PORTRAIT-edited-1024x682.jpg 1024w" sizes="auto, (max-width: 2560px) 100vw, 2560px" /></figure>



<p class="has-medium-font-size">Die Vereinsmanagerin ist die Kontaktstelle für Interessierte und Mitglieder des Bergischen Fechtclubs Rösrath e. V. und kümmert sich um die Vereinsorganisation und die Mitgliederverwaltung.</p>



<p></p>



<h2 class="wp-block-heading has-large-font-size">Der Vorstand</h2>



<p class="has-medium-font-size"><strong>Vorstand@bfcr.email</strong></p>



<p class="has-medium-font-size">Vorstandsvorsitzender Thomas Wißkirchen, 0151-12713148, Vorstandsvorsitzender@bfcr.email</p>



<figure class="wp-block-image size-large is-resized"><img loading="lazy" decoding="async" width="500" height="333" src="https://xn--fechten-in-rsrath-b0b.de/wp-content/uploads/2024/03/058BFCR-500x333.jpg" alt="" class="wp-image-866" style="width:320px;height:213px" srcset="https://xn--fechten-in-rsrath-b0b.de/wp-content/uploads/2024/03/058BFCR-500x333.jpg 500w, https://xn--fechten-in-rsrath-b0b.de/wp-content/uploads/2024/03/058BFCR-300x200.jpg 300w, https://xn--fechten-in-rsrath-b0b.de/wp-content/uploads/2024/03/058BFCR-768x512.jpg 768w, https://xn--fechten-in-rsrath-b0b.de/wp-content/uploads/2024/03/058BFCR-1536x1024.jpg 1536w, https://xn--fechten-in-rsrath-b0b.de/wp-content/uploads/2024/03/058BFCR-2048x1365.jpg 2048w, https://xn--fechten-in-rsrath-b0b.de/wp-content/uploads/2024/03/058BFCR-1024x683.jpg 1024w" sizes="auto, (max-width: 500px) 100vw, 500px" /></figure>



<p class="has-medium-font-size">Finanzvorstand Bastian Wittfeld, 0174-9610049, Finanzvorstand@bfcr.email</p>



<figure class="wp-block-image size-large is-resized"><img loading="lazy" decoding="async" width="500" height="333" src="https://xn--fechten-in-rsrath-b0b.de/wp-content/uploads/2024/03/007BFCR-500x333.jpg" alt="" class="wp-image-865" style="width:320px;height:213px" srcset="https://xn--fechten-in-rsrath-b0b.de/wp-content/uploads/2024/03/007BFCR-500x333.jpg 500w, https://xn--fechten-in-rsrath-b0b.de/wp-content/uploads/2024/03/007BFCR-300x200.jpg 300w, https://xn--fechten-in-rsrath-b0b.de/wp-content/uploads/2024/03/007BFCR-768x512.jpg 768w, https://xn--fechten-in-rsrath-b0b.de/wp-content/uploads/2024/03/007BFCR-1536x1024.jpg 1536w, https://xn--fechten-in-rsrath-b0b.de/wp-content/uploads/2024/03/007BFCR-2048x1365.jpg 2048w, https://xn--fechten-in-rsrath-b0b.de/wp-content/uploads/2024/03/007BFCR-1024x683.jpg 1024w" sizes="auto, (max-width: 500px) 100vw, 500px" /></figure>



<p class="has-medium-font-size">Sportvorstand Jan Pinkert Sportvorstand@bfcr.email</p>



<h2 class="wp-block-heading has-large-font-size">Für die Presse</h2>



<p class="has-medium-font-size">Kontakt Dagmar Pinkert e-Mail an: Presse@bfcr.email</p>



<hr class="wp-block-separator has-css-opacity"/>



<p class="has-medium-font-size">Der Verein <strong>Bergischer Fechtclub Rösrath e.V.</strong> gibt sich folgendes Leitbild, an dem sich das Vereinsleben der Mitglieder und die Arbeit der Organe, der Amts- und Funktionsträger sowie aller sonstigen Mitarbeiter orientieren:</p>



<p class="has-medium-font-size">Der Verein, mit seinen Mitgliedern, seine Amtsträger und
Mitarbeiter bekennen sich zu den Grundsätzen eines umfassenden Kinder- und
Jugendschutzes und treten für die körperliche und seelische Unversehrtheit und
Selbstbestimmung der anvertrauten Kinder und Jugendlichen ein. Der Verein, mit
seinen Mitgliedern, seine Amtsträger und Mitarbeiter pflegen eine
Aufmerksamkeitskultur und führen regelmäßig Präventionsmaßnahmen zum Schutz von
Kindern und Jugendlicher vor sexualisierter Gewalt im Sport durch.</p>



<p class="has-medium-font-size">Der Verein tritt für einen doping- und manipulationsfreien
Sport ein.</p>



<p class="has-medium-font-size">Der Verein ist parteipolitisch und religiös neutral. Er
vertritt den Grundsatz religiöser, weltanschaulicher und ethnischer Toleranz
und Neutralität.</p>



<p class="has-medium-font-size">Der Verein wendet sich entschieden gegen Intoleranz,
Rassismus und jede Form von politischem Extremismus.</p>



<p class="has-medium-font-size">Der Verein fördert die Inklusion behinderter und nichtbehinderter Menschen und die Integration von Menschen mit Zuwanderungshintergrund. Er verfolgt die Gleichstellung der Geschlechter.</p>



<hr class="wp-block-separator has-css-opacity"/>



<p></p>

<p>Das Management Vereinsmanagerin Julia Schneider, 0176-50939703, Management@bfcr.email Die Vereinsmanagerin ist die Kontaktstelle für Interessierte und&#8230;</p>
